 u(-5).
4
Suppose 2*k - 2*m = -3*k + 46, 2*m = -3*k + 34. Suppose 39 = 2*s - 1. What is the remainder when s is divided by k?
0
Let m(j) = j**2 + 7*j + 4. Suppose a = 14 + 1. Suppose -18 = -w + a. What is the remainder when w is divided by m(-8)?
9
Let i = 309 - 229. What is the remainder when i is divided by 18?
8
Let q(h) = 5*h + 10. Let y be (-14 - -15) + 4/2. What is the remainder when 73 is divided by q(y)?
23
Let y = -97 - -136. Let f(w) = -w**3 - 4*w**2 + 9*w - 4. What is the remainder when y is divided by f(-6)?
11
Let j(z) = -59*z - 31. Calculate the remainder when j(-1) is divided by 2.
0
Suppose 0 = 5*a - 9*a + 28. Suppose -3 = -5*l + a. Suppose 0 = -4*t + l*t + 20. Calculate the remainder when 18 is divided by t.
8
What is the remainder when 291 is divided by (-50)/5 + 6 - 36/(-2)?
11
Suppose 3*p - 193 + 4 = 0. Suppose -4*c = -5*g + 8 - p, c - 4*g - 22 = 0. Calculate the remainder when 49 is divided by c.
9
Suppose -4*p = -40 - 32. Calculate the remainder when p is divided by -1 + 4 + -1 + 9.
7
Suppose 0*r = -3*r - u + 47, -4*r + 46 = -2*u. What is the remainder when ((-83)/2)/(((-9)/(-6))/(-3)) is divided by r?
13
Let t = 149 + 87. Calculate the remainder when t is divided by 40.
36
Let k = -12 + 43. Let u(c) = -17*c + 7*c + 7*c + 2. What is the remainder when k is divided by u(-3)?
9
Calculate the remainder when (-9650)/(-250) - 2/(-5) is divided by 10.
9
Let q(z) = 21*z - 373. What is the remainder when 206 is divided by q(19)?
24
Let u(x) = x**3 + 8*x**2 + 3*x - 1. What is the remainder when u(-7) is divided by 8?
3
Suppose -i + 3 = 0, 2*b - 3*i - 4 = -1. Let r be -3 + b - -2*1. Suppose r*k - 50 = 5*m, 3*k - 16 = -3*m - m. What is the remainder when k is divided by 3?
2
Calculate the remainder when 199 is divided by ((-66)/44)/((-6)/200).
49
Let a(z) be the second derivative of -z**4/12 + 13*z**3/6 - 2*z. Calculate the remainder when 35 is divided by a(12).
11
Suppose -3*n - 9*k + 5 = -19, 0 = -5*k. What is the remainder when 1429 is divided by n?
5
Let r = 4678 - 4675. What is the remainder when ((-58)/6 - 1)*-3 is divided by r?
2
Let g = -59 - -105. Calculate the remainder when 182 is divided by g.
44
Let j be 5016/(-14) - 24/(-84). What is the remainder when j/(-10) - (-2)/10 is divided by 13?
10
Let z = 8 + -1. Let u = 39 + -19. Calculate the remainder when (-32)/u*(-125)/10 is divided by z.
6
Suppose -10*b - 100 = -6*b. Suppose 0 = -i + 3*u + 48, 4*u + 147 = 2*i + 51. Let d = b + i. Calculate the remainder when 67 is divided by d.
21
Suppose -f + 228 = 18*f. What is the remainder when 68 is divided by f?
8
Suppose -2*p - 35 + 147 = 0. Calculate the remainder when p is divided by 22.
12
Let d(y) = -4*y - 8. Let l be d(-7). Suppose -4*k = l, 5*t + 68 = 2*k + 23. What is the remainder when 26 is divided by (t + 4)*(-3 - -1)?
12
Let q be -1 - 2 - (39/3 - 4). Let m(a) = a**3 + 11*a**2 - 11*a + 17. Calculate the remainder when 32 is divided by m(q).
2
Let n be ((-4)/3)/(32/(-432)). Let j = n + 55. Calculate the remainder when j is divided by 19.
16
Let w(m) = 3*m**2 + 2*m - 2. Let g(o) = -o**3 - 3*o**2 - 3. Let q be g(-3). Let l = 160 - 87. What is the remainder when l is divided by w(q)?
16
Suppose 3*h - 8*h + 431 = -3*m, -5*m = -2*h + 161. What is the remainder when h is divided by 25?
13
Suppose 0 = -3*a - 0*a - 5*g + 149, 3*a - 161 = g. Suppose 8*b - 89 = 23. Calculate the remainder when a is divided by b.
11
Let f(j) = 9*j + 3. Let u be f(5). Let b = 223 - 192. Let d = u - b. What is the remainder when 31 is divided by d?
14
Let p(g) = 3*g**3 - g**2 - 31*g + 131. What is the remainder when p(7) is divided by 8?
6
Let b be (-2 + (-64)/(-12))/((-2)/(-3)). Suppose -u + 7 = -b. Calculate the remainder when 57 is divided by u.
9
Let v(d) = -8*d + 6 + 0 + d - d. Let y(l) = 12*l**2 + 2*l. Calculate the remainder when y(2) is divided by v(-1).
10
Suppose 0*v - 476 = -4*v. What is the remainder when v is divided by (-1470)/(-50) - (-120)/75?
26
Let l(p) = p**2 + 6*p - 43. Let b(g) = 4*g. What is the remainder when l(8) is divided by b(6)?
21
Let g = -657 + 700. Calculate the remainder when g is divided by 22.
21
Suppose 0 = -w + 4 - 0. Suppose 7 = -5*j + w*j + 4*g, 4*j - g = 2. Calculate the remainder when ((-8)/20)/(j/(-95)) is divided by 10.
8
Suppose 0 = 2*r + 5*f - 81, 2*f - 6 = -r + 32. Calculate the remainder when 80 is divided by r.
24
Suppose 17 = -3*v - 4. Let j(k) = 3*k**2 + 16*k - 4. What is the remainder when 59 is divided by j(v)?
28
Suppose 0 = 9*y - 8*y + 16. What is the remainder when 57 is divided by 2 + y/6*-3?
7
Let k = -7 - -16. Suppose -6*a = -k*a. Let w(h) = h**2 + 2*h + 55. Calculate the remainder when w(a) is divided by 14.
13
Let j = -135 + 160. What is the remainder when (-4)/(-3)*(-294)/(-4) is divided by j?
23
What is the remainder when 125 is divided by (-3)/((-1904)/(-175) + -4 - 7)?
0
Suppose -16*d + 12*d = b - 15, -3*b - 3*d = -36. What is the remainder when (1/(-2))/(1/(-58)) is divided by b?
7
Let n(p) = -p**3 + 28*p**2 - 19*p - 48. Calculate the remainder when n(27) is divided by 29.
23
Let v = 310 + -246. What is the remainder when v is divided by 13?
12
Suppose 3*u + 21 = 4*u. Let d = 8 + -3. Suppose 3*x - 26 = -4*f, d*x + 3*f - 36 = -0*f. Calculate the remainder when u is divided by x.
3
Suppose f - 2*j = 18, -j - 94 = -5*f + 32. Let c = f + -12. Let x(p) = p**3 - 14*p**2 + 2*p - 17. Calculate the remainder when 53 is divided by x(c).
9
Let d(y) = y**2 - y + 1. Let x(r) = -r**3 - 9*r**2 + 8*r. Let b(i) = -5*d(i) - x(i). Calculate the remainder when b(-4) is divided by 2.
1
Suppose -124*b = -121*b - 87. Calculate the remainder when 171 is divided by b.
26
Let v = -11 - -10. What is the remainder when 11 is divided by 10 - 10 - (-1 - (-2)/v)?
2
What is the remainder when 81 is divided by 5 - (-6 - 1) - -5?
13
Suppose 0 = 3*z - 2*b - 2, 0 = b - 2*b + 2. Suppose 0 = 3*p + 2*v - 97, -7*p = -3*p - z*v - 148. What is the remainder when 69 is divided by p?
34
Suppose 0 = -3*l + v + 74, -9*l + 6*l - v + 64 = 0. Calculate the remainder when 77 is divided by l.
8
Let m(p) = 2*p**3 - 2*p**2 - p - 1. Let z be m(2). Suppose -5*g - 2*l + 79 = -0*l, z*g + 5*l - 85 = 0. What is the remainder when g is divided by 5?
0
Suppose -35*x = -23471 - 3689. Calculate the remainder when x is divided by 41.
38
Suppose 507*z - 10 = 506*z. Suppose u = -3*u + 196. What is the remainder when u is divided by z?
9
Let l = 72 + -32. Let k(h) = -h + 25. Let i = 17 + -6. What is the remainder when l is divided by k(i)?
12
Calculate the remainder when 65 is divided by (-2 - 30/(-12))*20.
5
Suppose -5*k = c - 6*c - 120, 3*k - 68 = c. Let i = -4 - -20. What is the remainder when k is divided by 26 - i - 1*2?
6
Let d(r) = 6*r**2 - 5*r + 3. Let l = -32 - -17. Let q = -12 - l. What is the remainder when d(q) is divided by 15?
12
Let z(d) = -2*d**3 + 3*d + 4. Let h be z(-3). Suppose -4*w + h + 31 = 0. Calculate the remainder when 77 is divided by w.
17
Let p = -1 - -6. What is the remainder when (2 + -1)*44*4/16 is divided by p?
1
Let p = -129 - -139. Suppose 0 = 4*c - 5*c. Suppose c = -i - 0*i + 3. What is the remainder when p is divided by i?
1
Suppose -5*o + 0*v + 65 = v, 5*o = -4*v + 80. Suppose -z + 4*z - o = 0. Suppose -z*m + 45 = -7. What is the remainder when m is divided by 5?
3
Let m = -25 + 25. Suppose m = 35*l - 32*l - 51. Calculate the remainder when 48 is divided by l.
14
Suppose 0 = -4*s - 12, 5*f = -3*s + 2*s + 117. Let u = 138 + -68. What is the remainder when u is divided by f?
22
Suppose -35730 = 14*u - 44*u. Calculate the remainder when u is divided by 149.
148
Suppose 5*s - 555 = -2*g, 4*g - 5*g - 111 = -s. Let x = s - 88. Calculate the remainder when 88 is divided by x.
19
Let i(p) = -p**3 + 7*p**2 + 30*p - 205. Calculate the remainder when 122 is divided by i(6).
1
What is the remainder when (-50)/125 - 277/(-5) is divided by 1 - (-17 - (4 + -3))?
17
Let n = -191 - -374. What is the remainder when n is divided by ((-5)/(-30) + 7/12)/(21/1288)?
45
Let d(r) = 2*r**2 + 22*r + 17. What is the remainder when d(-19) is divided by 43?
20
Suppose 15*k + 126 = 12*k. Calculate the remainder when k/(-3)*(16 - 8) is divided by 29.
25
Let k = 18 - -66. Suppose l + k = 4*l. Calculate the remainder when l is divided by ((-18)/